50226 is divided by 21452.
62
What is the remainder when 392550 is divided by 140?
130
Calculate the remainder when 537118 is divided by 193.
192
What is the remainder when 1037 is divided by 468?
101
Calculate the remainder when 170823 is divided by 56931.
30
Calculate the remainder when 3090 is divided by 1219.
652
Calculate the remainder when 113816 is divided by 10.
6
What is the remainder when 25517 is divided by 43?
18
What is the remainder when 32519 is divided by 775?
744
Calculate the remainder when 479600 is divided by 93.
92
What is the remainder when 72980 is divided by 500?
480
What is the remainder when 1833 is divided by 68?
65
Calculate the remainder when 7635 is divided by 114.
111
What is the remainder when 30271 is divided by 261?
256
What is the remainder when 41780 is divided by 12?
8
What is the remainder when 326161 is divided by 181?
180
What is the remainder when 1964 is divided by 277?
25
What is the remainder when 1824 is divided by 86?
18
Calculate the remainder when 1475 is divided by 226.
119
Calculate the remainder when 67527 is divided by 54.
27
What is the remainder when 108328 is divided by 592?
584
What is the remainder when 252 is divided by 22?
10
What is the remainder when 12057 is divided by 2410?
7
What is the remainder when 490173 is divided by 26?
21
Calculate the remainder when 33525 is divided by 5582.
33
Calculate the remainder when 1366 is divided by 760.
606
Calculate the remainder when 51028 is divided by 126.
124
What is the remainder when 104442 is divided by 10444?
2
Calculate the remainder when 29338 is divided by 112.
106
What is the remainder when 6005 is divided by 43?
28
Calculate the remainder when 608 is divided by 53.
25
What is the remainder when 602812 is divided by 150700?
12
Calculate the remainder when 17062 is divided by 446.
114
Calculate the remainder when 19083 is divided by 222.
213
What is the remainder when 261 is divided by 14?
9
What is the remainder when 182479 is divided by 960?
79
Calculate the remainder when 9414 is divided by 23.
7
What is the remainder when 102012 is divided by 33910?
282
Calculate the remainder when 1546588 is divided by 109.
96
Calculate the remainder when 976 is divided by 205.
156
What is the remainder when 15947 is divided by 7960?
27
Calculate the remainder when 15347 is divided by 38.
33
What is the remainder when 2698 is divided by 84?
10
Calculate the remainder when 10752 is divided by 68.
8
What is the remainder when 63429 is divided by 9060?
9
Calculate the remainder when 1802 is divided by 314.
232
What is the remainder when 7085 is divided by 2792?
1501
Calculate the remainder when 44549 is divided by 14790.
179
Calculate the remainder when 31319 is divided by 179.
173
Calculate the remainder when 272384 is divided by 84.
56
What is the remainder when 7284 is divided by 110?
24
Calculate the remainder when 79379 is divided by 36.
35
What is the remainder when 11672777 is divided by 860?
857
What is the remainder when 69884 is divided by 31?
10
What is the remainder when 304451 is divided by 54?
53
Calculate the remainder when 42443 is divided by 267.
257
Calculate the remainder when 2331 is divided by 128.
27
Calculate the remainder when 26040 is divided by 32.
24
Calculate the remainder when 550416 is divided by 32377.
7
What is the remainder when 823495 is divided by 164696?
15
Calculate the remainder when 3057 is divided by 1364.
329
Calculate the remainder when 498108 is divided by 16.
12
What is the remainder when 708 is divided by 176?
4
Calculate the remainder when 304 is divided by 226.
78
Calculate the remainder when 57107 is divided by 147.
71
What is the remainder when 4917 is divided by 1334?
915
Calculate the remainder when 13710 is divided by 16.
14
Calculate the remainder when 141503 is divided by 88.
87
What is the remainder when 1157683 is divided by 83?
82
Calculate the remainder when 1794 is divided by 227.
205
Calculate the remainder when 617218 is divided by 30860.
18
What is the remainder when 91631 is divided by 184?
183
What is the remainder when 2639 is divided by 710?
509
Calculate the remainder when 1099950 is divided by 23.
21
Calculate the remainder when 32487 is divided by 258.
237
Calculate the remainder when 714 is divided by 78.
12
Calculate the remainder when 2809 is divided by 500.
309
What is the remainder when 18607 is divided by 9248?
111
What is the remainder when 35432 is divided by 2530?
12
Calculate the remainder when 1281 is divided by 244.
61
Calculate the remainder when 2167 is divided by 1810.
357
Calculate the remainder when 25136 is divided by 2792.
8
What is the remainder when 47091 is divided by 148?
27
What is the remainder when 237515 is divided by 8482?
19
Calculate the remainder when 6464 is divided by 2114.
122
Calculate the remainder when 19776 is divided by 9859.
58
Calculate the remainder when 109036 is divided by 147.
109
Calculate the remainder when 8285 is divided by 649.
497
What is the remainder when 222570 is divided by 145?
140
What is the remainder when 20600 is divided by 663?
47
What is the remainder when 81662 is divided by 18?
14
What is the remainder when 10741 is divided by 1218?
997
Calculate the remainder when 117691 is divided by 29421.
7
What is the remainder when 24896 is divided by 124?
96
What is the remainder when 489 is divided by 123?
120
Calculate the remainder when 10559 is divided by 59.
57
What is the remainder when 169672 is divided by 28?
20
Calculate the remainder when 1563 is divided by 501.
60
What is the remainder when 342276 is divided by 9?
6
What is the remainder when 16225 is divided by 36?
25
Calculate the remainder when 9294 is divided by 929.
4
What is the remainder when 14496 is divided by 27?
24
Calculate the remainder when 4213 is divided by 43.
42
Calculate the remainder when 25471 is divided by 534.
373
What is the remainder when 4561 is divided by 117?
115
What is the remainder when 488249 is divided by 62?
61
Calculate the remainder when 64958 is divided by 16238.
6
What is the remainder when 27829 is divided by 2767?
159
What is the remainder when 20742 is divided by 30?
12
Calculate the remainder when 237667 is divided by 6790.
17
Calculate the remainder when 457 is divided by 5.
2
Calculate the remainder when 1086701 is divided by 22.
11
Calculate the remainder when 75835 is divided by 175.
60
Calculate the remainder when 130524 is divided by 42.
30
What is the remainder when 165997 is divided by 1431?
1
Calculate the remainder when 9222 is divided by 700.
122
Calculate the remainder when 718961 is divided by 18.
5
Calculate the remainder when 45006 is divided by 62.
56
Calculate the remainder when 82959 is divided by 27644.
27
Calculate the remainder when 76579 is divided by 1344.
1315
What is the remainder when 20325 is divided by 95?
90
What is the remainder when 48214 is divided by 26?
10
What is the remainder when 38979 is divided by 265?
24
Calculate the remainder when 15695 is divided by 36.
35
Calculate the remainder when 17382 is divided by 4344.
6
Calculate the remainder when 34755 is divided by 8.
3
What is the remainder when 118 is divided by 1?
0
What is the remainder when 14951 is divided by 29?
16
What is the remainder when 24786 is divided by 812?
426
What is the remainder when 544453 is divided by 53?
37
What is the remainder when 4522 is divided by 330?
232
Calculate the remainder when 131146 is divided by 450.
196
What is the remainder when 39478 is divided by 235?
233
What is the remainder when 2040917 is divided by 28?
25
Calculate the remainder when 26557 is divided by 10.
7
What is the remainder when 36641 is divided by 6?
5
What is the remainder when 296111 is divided by 16?
15
Calculate the remainder when 21029 is divided by 585.
554
What is the remainder when 138947 is divided by 1674?
5
What is the remainder when 26610 is divided by 380?
10
What is the remainder when 6730 is divided by 27?
7
What is the remainder when 7018 is divided by 60?
58
What is the remainder when 102364 is divided by 47?
45
Calculate the remainder when 107648 is divided by 1268.
1136
Calculate the remainder when 58441 is divided by 19475.
16
Calculate the remainder when 614275 is divided by 17.
14
Calculate the remainder whe